 by 1130.
146
Calculate the remainder when 50941 is divided by 53.
8
Calculate the remainder when 2970 is divided by 837.
459
Calculate the remainder when 111969 is divided by 3497.
65
Calculate the remainder when 3029 is divided by 995.
44
What is the remainder when 9513 is divided by 563?
505
What is the remainder when 3663 is divided by 16?
15
Calculate the remainder when 7205 is divided by 49.
2
What is the remainder when 771 is divided by 156?
147
What is the remainder when 32603 is divided by 3622?
5
Calculate the remainder when 972 is divided by 89.
82
Calculate the remainder when 19718 is divided by 17.
15
What is the remainder when 576 is divided by 45?
36
What is the remainder when 11543 is divided by 16?
7
Calculate the remainder when 468 is divided by 49.
27
Calculate the remainder when 1043 is divided by 48.
35
What is the remainder when 93974 is divided by 75?
74
What is the remainder when 3321 is divided by 167?
148
What is the remainder when 2936 is divided by 940?
116
Calculate the remainder when 8472 is divided by 303.
291
What is the remainder when 52838 is divided by 20?
18
What is the remainder when 9357 is divided by 8?
5
What is the remainder when 3621 is divided by 53?
17
Calculate the remainder when 55767 is divided by 18585.
12
Calculate the remainder when 182368 is divided by 89.
7
Calculate the remainder when 1923 is divided by 276.
267
Calculate the remainder when 5760 is divided by 141.
120
What is the remainder when 14306 is divided by 304?
18
Calculate the remainder when 25347 is divided by 1628.
927
What is the remainder when 12923 is divided by 1289?
33
What is the remainder when 1498385 is divided by 756?
749
Calculate the remainder when 449 is divided by 12.
5
Calculate the remainder when 294719 is divided by 149.
146
Calculate the remainder when 1451 is divided by 117.
47
What is the remainder when 2584367 is divided by 1233?
1232
What is the remainder when 185521 is divided by 181?
177
Calculate the remainder when 299543 is divided by 49.
6
What is the remainder when 1589 is divided by 84?
77
Calculate the remainder when 26657 is divided by 6664.
1
What is the remainder when 1665336 is divided by 41?
39
Calculate the remainder when 98128 is divided by 379.
346
What is the remainder when 1598 is divided by 536?
526
Calculate the remainder when 16190 is divided by 53.
25
Calculate the remainder when 937857 is divided by 29.
26
Calculate the remainder when 320658 is divided by 54.
6
What is the remainder when 2351 is divided by 657?
380
Calculate the remainder when 494445 is divided by 7271.
17
What is the remainder when 4778 is divided by 1192?
10
Calculate the remainder when 11721 is divided by 48.
9
Calculate the remainder when 2910799 is divided by 380.
379
What is the remainder when 203086 is divided by 407?
400
Calculate the remainder when 2784 is divided by 89.
25
What is the remainder when 910214 is divided by 626?
10
Calculate the remainder when 134265 is divided by 134248.
17
What is the remainder when 15940 is divided by 15?
10
What is the remainder when 35432 is divided by 132?
56
Calculate the remainder when 4102 is divided by 4059.
43
Calculate the remainder when 313507 is divided by 100.
7
Calculate the remainder when 60126 is divided by 70.
66
Calculate the remainder when 139754 is divided by 77.
76
What is the remainder when 1761 is divided by 24?
9
Calculate the remainder when 4156 is divided by 638.
328
What is the remainder when 13390 is divided by 213?
184
What is the remainder when 33599 is divided by 221?
7
Calculate the remainder when 65522 is divided by 381.
371
What is the remainder when 1225 is divided by 295?
45
Calculate the remainder when 4633 is divided by 172.
161
What is the remainder when 17341 is divided by 122?
17
Calculate the remainder when 44874 is divided by 70.
4
What is the remainder when 752 is divided by 119?
38
What is the remainder when 12616 is divided by 666?
628
What is the remainder when 10008 is divided by 14?
12
Calculate the remainder when 678082 is divided by 43.
15
What is the remainder when 35575 is divided by 201?
199
What is the remainder when 97444 is divided by 24350?
44
What is the remainder when 18474 is divided by 462?
456
What is the remainder when 64235 is divided by 21359?
158
Calculate the remainder when 328551 is divided by 54757.
9
Calculate the remainder when 6210 is divided by 42.
36
Calculate the remainder when 85145 is divided by 54.
41
Calculate the remainder when 145851 is divided by 16.
11
What is the remainder when 1947 is divided by 89?
78
Calculate the remainder when 279758 is divided by 5595.
8
Calculate the remainder when 7743 is divided by 973.
932
Calculate the remainder when 112863 is divided by 51.
0
What is the remainder when 44317 is divided by 47?
43
What is the remainder when 169776 is divided by 61?
13
Calculate the remainder when 1164 is divided by 196.
184
Calculate the remainder when 7209 is divided by 345.
309
Calculate the remainder when 6586059 is divided by 1146.
1143
What is the remainder when 3253 is divided by 193?
165
Calculate the remainder when 296031 is divided by 296025.
6
What is the remainder when 152099 is divided by 65?
64
What is the remainder when 45399 is divided by 141?
138
Calculate the remainder when 83347 is divided by 622.
621
Calculate the remainder when 26361 is divided by 13174.
13
Calculate the remainder when 272 is divided by 57.
44
What is the remainder when 204772 is divided by 52?
48
Calculate the remainder when 71575 is divided by 1275.
175
Calculate the remainder when 26 is divided by 22.
4
What is the remainder when 110958 is divided by 372?
102
What is the remainder when 28266 is divided by 1565?
96
What is the remainder when 9381 is divided by 2160?
741
Calculate the remainder when 20018 is divided by 45.
38
What is the remainder when 32401 is divided by 1309?
985
What is the remainder when 145476 is divided by 29086?
46
What is the remainder when 15897 is divided by 7929?
39
What is the remainder when 9686 is divided by 9527?
159
Calculate the remainder when 2515 is divided by 1254.
7
Calculate the remainder when 625169 is divided by 104192.
17
Calculate the remainder when 6908 is divided by 453.
113
Calculate the remainder when 9980 is divided by 829.
32
Calculate the remainder when 47719 is divided by 20.
19
Calculate the remainder when 960184 is divided by 154.
148
Calculate the remainder when 67998 is divided by 33976.
46
Calculate the remainder when 5122 is divided by 256.
2
Calculate the remainder when 20972 is divided by 80.
12
Calculate the remainder when 8489 is divided by 112.
89
What is the remainder when 2051 is divided by 8?
3
What is the remainder when 337140 is divided by 19830?
30
What is the remainder when 111342 is divided by 5302?
0
What is the remainder when 5339 is divided by 1649?
392
What is the remainder when 73414 is divided by 19?
17
Calculate the remainder when 17550 is divided by 5844.
18
Calculate the remainder when 19586 is divided by 19547.
39
What is the remainder when 217098 is divided by 19734?
24
What is the remainder when 2868 is divided by 261?
258
What is the remainder when 13149 is divided by 50?
49
Calculate the remainder when 8100 is divided by 478.
452
What is the remainder when 539134 is divided by 5?
4
What is the remainder when 2427 is divided by 542?
259
What is the remainder when 52543 is divided by 5?
3
Calculate the remainder when 100588 is divided by 303.
295
What is the remainder when 1459369 is divided by 10?
9
Calculate the remainder when 51373 is divided by 83.
79
What is the remainder when 391436 is divided by 307?
11
What is the remainder when 22081 is divided by 1309?
1137
What is the remainder when 7245 is divided by 48?
45
Calculate the remainder when 731308 is divided by 1880.
1868
What is the remainder when 104643 is divided by 11624?
27
What is the remainder when 13736 is divided by 15?
11
What is the remainder when 3459 is divided by 203?
8
Calculate the remainder when 2713 is divided by 2147.
566
What is the remainder when 14875 is divided by 3592?
507
Calculate the remainder when 15064 is divided by 22.
16
Calculate the remainder when 20033 is divided by 21.
20
What is the remainder when 173298 is divided by 173